 58)).
87
What is the value of -16 + -17 + -2 + (-21 + 96 - 14)?
26
(-41 - -45) + 0 + -12 + -14 - 6
-28
-44 - (-17 + (16 - 55))
12
25 - (-17 - (-27 - 4)) - (-3 + 2 + 86)
-74
Calculate -4 + 3 + -7 + 4 + 4 + 81.
81
Evaluate 4 + -41 + (2 - -6).
-29
Calculate -98 - 3 - ((-645 - -663) + (-21 - 2)).
-96
Calculate (-46 - -47) + (-3 - (6 - 7 - 6 - -69)).
-64
Evaluate 9 + -148 + 74 + -4 + 1.
-68
Calculate 2 + 0 + -2 - (6 + -77 + 14 - -12).
45
-353 - -297 - (-56 - 1)
1
What is 0 - (5 - -6) - (-491 + 480)?
0
-13 + 5 + 10 + -15 - -8
-5
What is (-57 - ((25 - 15) + (-2 - 5 - 7))) + 9?
-44
Calculate (44 - (-61 - -18)) + 0.
87
(-7 - (1 + (-1 - 7))) + -21 + 22 + 31
32
Calculate -37 + (12 + 14 - (-1 - 0)).
-10
Calculate (101 - 435) + 68 + 128.
-138
What is 5 + 84 + 2 + (-14 - 3) + (22 - 17)?
79
What is the value of (-98 - -136) + -30 + 11 + -10?
9
Calculate (-295 - -142) + -32 + 129.
-56
What is (1 - -55) + (1157 - 1264)?
-51
What is (1 - ((36 - 78) + 11)) + -87?
-55
2 - 1 - (22 + -6) - -21
6
Calculate 37 + (-50 - (17 + -42)).
12
5 + -34 + -75 + 31
-73
1 - (-26 - (17 + -77))
-33
What is -88 - (-206 + 82 - 40)?
76
14 + -7 + -145 - (22 + -33 + 3 + -2)
-128
Calculate 9 + 1 + -31 + 142 + -83 - 10.
28
-129 - -99 - (3 - 15)
-18
Evaluate -27 - (-24 - (-12 + -10)) - -18 - 133.
-140
Evaluate -43 + 27 + (-1 - -10) + -83 + 8 + -2.
-84
What is the value of -15 + 1 + (0 - -10) + 1 + 16?
13
Evaluate 88 - 0 - (-6910 + 7054).
-56
Evaluate (22 - ((53 - 38) + 23)) + 99.
83
63 + (-12 - 54) + 30
27
5 + (-11 - 42) - (2 + 0)
-50
Evaluate (-21 - 7 - (3 - 16 - -26)) + (-1 - -2).
-40
What is the value of 0 + -60 + (3040 - 2963)?
17
What is -53 + -22 + (17 - -81)?
23
What is (7 - -14) + -39 + 32 - -24?
38
What is the value of 188 + -93 + (-62 - 40)?
-7
-48 - (-116 + (46 - 48))
70
Evaluate -10 - (1 + 8 + -15 + 14 + -3 - 83).
68
Calculate -13 + 21 + 2 + -12 - (-16 - (-6 - -3)).
11
What is the value of 36 - (9 + -2) - (8 - (-2 - -15))?
34
What is 57 + -36 - 28 - ((-1 - -2) + -4 + -67)?
63
What is 75 + (116 - 101) - (2 + 0 - 0 - -2)?
86
Calculate -12 + (146 - 135) + -93.
-94
Calculate -42 - ((-12 - -1) + (2 + 9 - 4)).
-38
What is the value of 9 - (1 - -1) - (1 + 2 + (18 - 24))?
10
What is the value of -156 + -43 + 55 - (-4 - 43)?
-97
Evaluate -2 - -13 - ((4 - 70) + 27).
50
-48 + (1 - (5 - 11)) + (-30 - -37)
-34
What is 161 + -164 - (-76 + (-3 - -3) + 5)?
68
Calculate -87 + 0 + (-13 - -14) + 24.
-62
What is (21 - -64) + -88 + -83?
-86
What is the value of (-14 - -12) + -52 + 86?
32
Evaluate 34 - (67 + (-48 - -11)).
4
Calculate 9 + (-4 - 7) + -15 - 20.
-37
Evaluate -1 + 7 - (-107 - (-17 + -40)).
56
Calculate 6 - (-1 + 60 - (6 + 9 + (-10 - -4))).
-44
What is (-2 - 9) + (2 - (-20 + -4) - -71) - 0?
86
-65 - -67 - (66 - (7 - (8 - (3 + -2))))
-64
What is the value of 25 + 164 + -76 + (-1 - 8)?
104
Evaluate 2 + (2 - 29) + 2 + 423 + -413.
-13
What is the value of 192 + -339 + 162 - (1 + 34)?
-20
Evaluate -4 + 13 + 10 - (-122 + 114).
27
What is -25 + -6 - 22 - -35?
-18
Calculate -6 + 3 + -49 - -7 - (-121 - -117).
-41
What is the value of -34 + (14 - -86) + (3 - 6)?
63
Calculate (3 - (-80 + 108 + (15 - -2))) + 4 + -4.
-42
44 - 45 - (-3 - -1) - (53 - -2)
-54
(0 - (1 + -1 + 4)) + (272 - 444 - -255)
79
Evaluate (-130 - -144) + 11 + -13.
12
-2 - (-2 + 21 + -45 + 9)
15
What is (-30 - -40) + 116 - 39?
87
What is -114 + (-5 - -139) + -94?
-74
Evaluate (18 - (-2 + 4)) + (-94 - (9 - 23)) - -5.
-59
Evaluate 1 - (29 + -41 - (1 - (-1 - -24)) - -13).
-22
Calculate 48 + -1 - (-25 - (4 - 50)).
26
Evaluate (-50 - (42 - 104)) + -77.
-65
Evaluate 1414 + -1402 + -19 + 1 + 2.
-4
What is 117 - (-14 - (-126 - -49))?
54
What is 5 + 2 + 14 + (41 - 112) + 10?
-40
Calculate -26 + (37 - (-27 + 36)).
2
-33 + 32 - 80 - (3 + 14)
-98
What is 3 - (38 + -26 - -21)?
-30
(-48 - 2 - ((-33 - -20) + 15)) + 10
-42
Evaluate (-1 - (4 - 1)) + 130 + -78 - -11.
59
Evaluate 28 - (69 - (58 - 38)).
-21
What is -4 - (-1 + 5 + (43 - 8) + -15)?
-28
Calculate ((-2 - -4) + -21 - -47) + 1 + 8.
37
What is the value of -31 + 168 + 34 + -3 + -66?
102
What is 74 + -99 + -3 + 20 - 6?
-14
What is -218 + 140 - (5 - (1 + (1 - 1) + -4))?
-86
What is the value of 71 - (248 + -34 - 108)?
-35
What is 0 + -226 + (149 - 54)?
-131
Calculate -3 + 72 + 1129 + -1198.
0
Calculate (10 + -2 - 2) + (-18 - 34) + 74.
28
(-2 - (0 + 9)) + (-1987 - -2004)
6
21 + -2 - (2 - -27) - 20
-30
Evaluate (16 - (-6 - -3 - -7)) + 27.
39
Calculate 15 - (-4 + -10 - -11) - 20.
-2
What is the value of -41 + 22 + (8 - -1 - 1) + (-336 - -317)?
-30
Calculate (-1 - 14) + 1 + (117 - 6) + -71.
26
Evaluate 5 + 3 + -1 - (-1 - 5 - (6 + -48)).
-29
What is the value of 185 + (20 - 141) + -191?
-127
What is the value of (-3 + 1 - (-1 - (46 + -4))) + (-611 - -615)?
45
Evaluate -104 - (-17 - -3 - ((-20 - 43) + 56)).
-97
Calculate 10 + (-23 + 22 + -11 - -10 - 12).
-4
What is -22 + 11 + 1 + 26 + -20?
-4
What is -23 + (-38 - -69 - -31) - 76?
-37
Evaluate 45 + 8 + -473 + 438.
18
Calculate -37 - -63 - (0 + 31) - (80 + -2 + 5).
-88
Evaluate -2 - -8 - (-13 + 28 + -17 + 7).
1
What is the value of 15 + -17 + -2 + -3 - -9?
2
What is -6 + 1 - (-396 - -456) - -12?
-53
What is (128 - 138) + 16 + -4 - -37?
39
What is the value of 5 + -13 + (2 - 4) + 64?
54
Evaluate (-8 - -64) + (625 - 692).
-11
What is the value of 0 + -4 + 1 + 130 + -21 + 58 + -46?
118
What is the value of (7 - 12) + -17 + (-133 - -137)?
-18
What is the value of 28 - (-49 + 22 + -37)?
92
What is 30 + (24 - 143) + 11 + 16?
-62
Evaluate 17 + -2 + (-20 + 0 - (292 - 302)).
5
0 + 9 - 7 - (-92 - (-14 - -46))
126
Calculate (2 - -79) + -8351 + 8347.
77
What is 12 + (-6 - 5) + -2 + 34 - -12?
45
Evaluate -18 + -25 + (-46 - -63) - 16.
-42
Calculate 0 + 5 + 0 - (22 - 87 - -63).
7
Calculate -28 + (24 + 18 - -12).
26
What is -26 - -36 - (-15 + 4) - (7 + 0 - -1)?
13
-2 - (-15 - (0 + 29 - (-229 + 239) - 9))
23
What is (-21 - -7 - 9) + 44?
21
What is -1407 + 1346 + -1 + 32 + 109?
79
Evaluate (86 - 87) + 3 + -5 + -1 + -9.
-13
Evaluate -1841 + 1858 - (-58 + 4).
71
Evaluate (-58 - 38) + 67 - (-6 + -1).
-22
What is the value of (-23 - 40) + (22 - 0)?
-41
Calculate 744 - 753 - (33 + 2).
-44
(15 + 15 - 10 - -3) + -22
1
Evaluate (26 - 5 - 18) + -19 - 9.
-25
Calculate (0 - -9) + 52 + (10 - 22).
49
What is -6 + -9 + 16 - (2 - (-21 - 13))?
-35
What is (-1 - -63) + (138 - 135 - (5 + 0 + 0))?
60
Evaluate -49 - (27 + 32 - 54).
-54
What is -15 - (46 - ((8 - 27) + 26))?
-54
Evaluate 3 - (-21 - (-12 + -3 + -17 + (21 - -7))).
20
(-2 - -5) + 10 + -9 + -11 + 64 - 3
54
Evaluate 39 + -82 - -49 - -50.
56
Calculate 102 - ((-634 - -621) + 1 + 35).
79
What is the value of 1 + -262 - (-19343 + 19200)?
-118
What is the value of -29 + 63 + -49 + 0 + -9?
-24
What is -627 - -705 - (-2 - (-2 - 1 - 16))?
61
Evaluate -1 - 6 - 1 - ((6 - (89 + 30)) + 50).
55
Calculate 1 + (-14 - (4 + -24 + 16)) + -56.
-65
What is the value of -101 + (178 - 60) - (48 + 4)?
-35
-37 + 29 + (30 - 31) - (1 + 15)
-25
Evaluate 0 + (-43 - -22) + 18 - -16.
13
Evaluate -1 + 13 + (4 - (33 + -8) - -66).
57
What is (30 - 15) + -20 + (3 - 8) - (-4 - 5)?
-1
Evaluate -39 - (2 + -5 + 30 - (-5 - -18) - 2).
-51
What is the value of 19 + (-14 - (-19 - -35)) - -24?
13
What is the value of 84 + 15 - -21 - 12 - 29?
79
Calculate -10 + 9 - (147 - 83).
-65
What is 7 + 20 + -11 - (11 - (90 + -15))?
80
What is 2 + -19 + -21 + 4 + 24 + 59?
49
Evaluate 23 + (-36 - (-6 + 7 + 1)).
-15
What is 8 - (-18 + 12) - 24 - -66?
56
-3 - (-7 - 2) - (27 + -17)
-4
-66 + -11 + 1 - ((-24 - -12) + 14 + -2)
-76
Evaluate 5286 - 5263 - (63 + -3 + 2).
-39
Evaluate (7 - (11 + -81)) + (-2 + -4 + 6 - -9).
86
What is 62 + (27 + -222 - -68)?
-65
Calculate 6 + 0 - ((12 - 9) + -13 + -16).
32
Evaluate -288 + 294 + (-69 - 7 - -1).
-69
What is -5 - 0 - (65 - (-63 + 55))?
-78
(3 - 9) + 6 + (-43 - -36)
-7
Calculate 8 + 416 + -381 + (1 - 40).
4
What is -6898 + 6953 + (-30 - -1)?
26
What is the value of 120 - -1 - (-82 + 28 + 24 + (24 - 2))?
129
What is the value of (0 - (1 + -25)) + -521 + 532?
35
Calculate -37 - ((17 - (-34 + 41)) + (-16 - 1)).
-30
(-2 - (1 + -13)) + 6 + -1 + -70
-55
Calculate -48 + 95 + (-2 - (-7 - -5)) + 8 + -1.
54
38 + -2 + (-481 - -377)
-68
(-44 - 1) + (44 - (-14 - -84))
-71
What is -196 - -122 - (12 - 65)?
-21
What is (7 - (4 + 12 - 5) - -2) + 53?
51
Evaluate